(-2) - ((-6 - -1) + 1). Suppose u*s - 3*z - z - 258 = 0, -z = s - 144. What is the hundreds digit of s?
1
Let u(q) be the third derivative of q**5/60 + q**4/8 - 19*q**3/6 + 5*q**2. What is the tens digit of u(6)?
3
Let m(v) = -6*v - 1. Let l be m(6). Let s = l - -65. Let t = s - 12. What is the tens digit of t?
1
Let r(v) be the third derivative of 7*v**4/12 - 17*v**3/6 + 13*v**2. What is the units digit of r(4)?
9
What is the tens digit of 72*((-2)/4)/((-1)/2)?
7
Suppose 0 = 11*l + 46 + 20. Let f = 33 + -23. Let m = f + l. What is the units digit of m?
4
Let v be 151/3 + (40/(-12))/10. Suppose -v - 34 = -2*u. What is the units digit of u?
2
Let s be ((-10)/3)/(1/(-3)). Let x(y) = y - 7. Let i be x(s). What is the units digit of (-2)/(-3) - i/(-9)?
1
What is the hundreds digit of 7/3 - 24207/(-9)?
6
Suppose 0 = 51*x - 52*x + 5. Suppose -x*k = -8*k + 435. What is the units digit of k?
5
Suppose 0 = -5*l - 9 - 6, 0 = 5*b - l - 2158. What is the units digit of b?
1
Let y(s) = -s**3 - 13*s**2 - 12*s + 2. Suppose -6*k + k = 60. Let b be y(k). Suppose 2*u + b*u - 92 = 0. What is the units digit of u?
3
Suppose 3*d + 2*d - 1179 = -2*w, 0 = 4*w - 3*d - 2319. Let r = w - 296. What is the hundreds digit of r?
2
Suppose -76 = -2*h + 5*b, -h + 2*h - 24 = -b. Suppose -26*u + h*u - 14 = 0. What is the units digit of u?
7
Let o be ((-328)/10)/((-9)/(-45)). Let t = o - -232. What is the units digit of t?
8
What is the units digit of (-4438 - 0)/(-7) + 3?
7
Suppose 0 = -5*o + 25 - 10, -1087 = -2*j + o. What is the units digit of j?
5
Let z(v) = 101*v**2 - 14*v - 61. What is the thousands digit of z(-4)?
1
Suppose -3*s = 3*k - 14370, -2*s = -3*k - 8178 - 1377. What is the thousands digit of s?
4
Let t(g) = -6*g + 18. Let v be t(-12). Let w = 144 - v. What is the units digit of w?
4
Let r(s) = -4*s + 235. What is the hundreds digit of r(11)?
1
Suppose 5*m - m - 6 = -2*p, 0 = -3*p - m - 11. What is the units digit of 2 + 1 - p/(5/46)?
9
Suppose 14*z - 5412 = 29812. What is the thousands digit of z?
2
Suppose -2*k + 17*k = 21855. What is the hundreds digit of k?
4
Let w be (-400)/(-65) + 4/(-26). Let l be 12/18*w*1. Suppose 2*g - 38 = -5*h + g, -2*h = l*g - 8. What is the units digit of h?
8
Let x(z) = 3*z - 21. Let l(c) = 4*c - 32. Suppose 5*v = -y, y + 1 = -4*v - 0. Let j(t) = y*l(t) + 8*x(t). What is the tens digit of j(7)?
2
Let z = -140 + 59. Let m be -1 - z - (-1 + 5). Let s = -47 + m. What is the units digit of s?
9
Suppose 13*v = 4*v + 63. What is the tens digit of (-25 + (6 - v))*13/(-2)?
6
Let a(h) = 2*h**2 - 4*h - 45. Let i be a(-9). Let b = i + -120. What is the units digit of b?
3
Let b be ((-4)/10)/((-7)/(-280)). Let d = b - -29. What is the units digit of d?
3
Let y(p) = 2*p**3 - 3*p**2 + 12*p - 12. What is the hundreds digit of y(7)?
6
Let l(k) = k**3 + 7*k**2 + k - 2*k - 1 - 3*k. Let c be 1 + (-1 - -3) - 10. What is the units digit of l(c)?
7
Suppose -q = -5*d + 638, 5*d - d - 514 = -q. Suppose -s + 6 = -2. Suppose d = -4*h + s*h. What is the tens digit of h?
3
Suppose -2*g + 6 = 3*s, 4*s - 22 = -0*s + 2*g. Suppose -j + 5 = 0, -2*j = -s*a + 5 + 13. Let w(i) = i**3 - 5*i**2 - 8*i - 9. What is the tens digit of w(a)?
3
Let h = -102 - -96. Suppose -2*q + q = 2. What is the units digit of h*(29/q + 3)?
9
What is the hundreds digit of (-19)/(57/(-6054)) - 10?
0
Let q(h) = 121*h**2 - 81*h + 3. What is the tens digit of q(-4)?
6
Suppose -z - 179 = 4. Let v = z - -284. What is the units digit of v?
1
Let a be 1/(11/(-3) - -4). Let s be 18*((-40)/a)/(-1). Suppose -5*z + 14 + s = 4*o, -4*z = 5*o - 196. What is the units digit of z?
4
Let o = -460 + 835. Suppose 2*m = -3*t + 447 + o, -2*m = -4*t + 1082. What is the units digit of t?
2
Let f = 17589 - 11626. What is the thousands digit of f?
5
Suppose 0 = 2*k - 8 + 4. Suppose -k*r = -5*i + 10, 3*r + 0*r - i + 15 = 0. What is the tens digit of 9 + r - (-30)/1?
3
Let y(c) be the second derivative of 3*c**4/4 + c**3/2 + 3*c**2 + 26*c. What is the hundreds digit of y(4)?
1
Let f(q) = -q**2 + 12. Let b be f(0). Suppose 2*s = 4*u - b, -5*s - 8 = u - 0*u. What is the units digit of u?
2
Suppose 0*h - 128 = -4*h. Let t = h + -8. What is the tens digit of t?
2
Let c(g) = 11*g**3 + 68*g**2 - g - 11. What is the hundreds digit of c(-5)?
3
Let c = 105 - 36. Let o be c/(-9) + 4/6. Let b = 7 - o. What is the tens digit of b?
1
Suppose -2 = g - 1, 3*n - 2*g + 28 = 0. What is the hundreds digit of (2 - n)/(5*(-2)/(-105))?
1
Suppose 32*h = 3086 + 8850. What is the units digit of h?
3
Let k be 1*(-1 + 3) - (5 - 0). What is the units digit of k/((-6)/(-176))*(-9)/9?
8
Suppose -5 = -3*o + 7. Suppose 4*u - o*l - 356 = 0, 3*l - 4*l + 255 = 3*u. What is the tens digit of u?
8
Let w be (-165)/(12/(-4)) + 3. Suppose w = -5*l + 888. What is the hundreds digit of l?
1
Let y(r) = -r**3 - 11*r**2 - 15*r - 39. What is the tens digit of y(-13)?
9
Let y be -3 - (-7)/(7/6). Suppose 4*l - 74 = -k + y*k, -4*k + 4 = 0. What is the tens digit of l?
1
Suppose 7*j - 111 = 4*j. Suppose -x + g = -j, -3*g - 36 = -x - g. Let p = -20 + x. What is the units digit of p?
8
Suppose 2 + 6 = -3*b - 5*a, -b = -5*a - 24. Let c be 28*(b + -4 - -2). Let h = c + -29. What is the tens digit of h?
2
Let m(h) = -h**3 + 10*h**2 - 7*h - 19. Let o be m(9). Let x be 511/7 - (o + 5). Suppose 2*b + 8*j = 5*j + x, -2*j + 10 = 0. What is the units digit of b?
7
Suppose 0 = 7*l + 647 - 1942. What is the tens digit of l?
8
Suppose 0 = -i - 4 + 208. Suppose -4*n + 392 = -i. What is the units digit of n?
9
Suppose 0 = -9*p + 8*p. Suppose p = -n - b + 120, -4*n - b + 2*b = -500. What is the hundreds digit of n?
1
Let h = 6 + -4. Suppose 3*j + 6 = 0, -h*r = -6*j + j - 10. Suppose -3*u + 0*l + l + 121 = r, 0 = -u - l + 35. What is the units digit of u?
9
What is the tens digit of 1470 - 26 - 3*5/3?
3
Suppose 4*c + 5*p - 15 = 0, -10 - 2 = -4*c - 4*p. Let q be (1 - c/(-1))*3. What is the tens digit of 2 - (-31 + 0 + q)?
3
Suppose -5*k = -6*w + w - 8730, -20 = 4*w. What is the tens digit of k?
4
Suppose 3*m = -2*a - 6, -3*a = -3*m + m + 9. Suppose m = -4*x + 13*x - 1503. What is the units digit of x?
7
Let s(v) be the first derivative of -v**4/4 - 14*v**3/3 - 11*v**2/2 + 6*v - 2. Let p be s(-13). What is the units digit of ((-56)/p)/((-1)/(-10))?
8
Let r = 0 - -3. Let t(p) = 4*p**2 - 3*p - 5. Let g(x) = 3*x**2 - 2*x - 3. Let d(a) = 7*g(a) - 5*t(a). What is the units digit of d(r)?
6
Let y(q) = 9*q**2 - 6*q + 2. Let j be y(-5). Let a = j + -28. Suppose -5*n + t + a = 0, 0*t - t = -3*n + 139. What is the tens digit of n?
4
Let f be (-36)/(-14) + (-15)/(-35). Suppose 2*o = f*u - 559 + 59, 162 = u - 3*o. What is the units digit of u?
8
Let h(r) = 14*r - 4. What is the hundreds digit of h(12)?
1
What is the units digit of -4 + 1 - 3/6*-2066?
0
Suppose -43 = -i + 55. Suppose 3*p = p + i. Suppose -p = -2*k + 1. What is the tens digit of k?
2
Suppose -2*r + 178 = -42. Suppose -c = -26 - r. What is the hundreds digit of c?
1
Suppose 0 = -2*i - 0*i - 4. Let u be 2 + 1 + 5 + i. Suppose -u*b = 2*t - 3*b - 26, -5*t - 4*b + 72 = 0. What is the units digit of t?
6
Suppose -2*h = 1 + 5. What is the hundreds digit of h + (1376/6 - (-36)/54)?
2
Let x = 134 + -131. What is the tens digit of x/(21/(-2)) - 5916/(-28)?
1
Suppose 0 = -2*k, 2*k = -r - r + 14. Suppose 5*t - r = 3*c + 69, -2*t + 120 = -4*c. Let d = c + 52. What is the units digit of d?
0
What is the units digit of 2 - (153522/(-45) - 6/15)?
4
Let h be 219 - (22/10 - (-3)/(-15)). Suppose -202 = -2*i - 4*x, x + h = i + i. What is the tens digit of i?
0
Let k(z) = -58*z + 252. What is the tens digit of k(-10)?
3
Suppose 2*z - 1 - 5 = h, 5*h + 4*z - 12 = 0. Suppose h = -5*c - 3*q + 13 - 1, 12 = 3*c - 3*q. What is the units digit of 103/c + 4/(-12)?
4
Suppose -3*v + 9 = 3. Let w be (v - 3)/(-1) - -2. Suppose -2*j - 2 = 2*h, 2*j - w*h = -h + 6. What is the units digit of j?
1
Let x = 866 + -609. What is the hundreds digit of x?
2
Suppose -x - 4*x + 4050 = 4*s, -x = -4*s - 786. What is the units digit of x?
6
Let p = 384 - 346. What is the units digit of p?
8
Let z = -79 - -32. Let a = z - -131. Suppose 2*x + v + a = 6*x, -3*x = -2*v - 63. What is the units digit of x?
1
Let i(s) = -20*s + 10. Let r be i(-4). Suppose -3*u - 141 = -2*y, -2*y - u